*o**2 + 15*o + 462. Let s be h(8). Calculate the greatest common divisor of 1030 and s.
10
Suppose 47 - 86 = -5*t - 2*z, 0 = 4*t - 2*z - 24. Suppose -47 = -4*d + 25. Let h = 10 + d. What is the highest common divisor of h and t?
7
Suppose 4*s - 60 = -i, -2*i + 7 = 2*s - 17. Suppose -5070 = -31*o + s*o. Calculate the highest common factor of 52 and o.
26
Let q = 13 - -12. Suppose 2*p + 8 = 18. Let x be -1 + q - (4 - p). What is the highest common divisor of 10 and x?
5
Suppose 0 = -2*h + 5*h + 3. Let r(o) = -48*o**3 - o. Let z be r(h). Let i be (-9594)/(-1394) - (-4)/34. Calculate the greatest common divisor of i and z.
7
Let g(d) = 6*d - 84. Let o(q) = 3*q - 42. Let y(b) = -3*g(b) + 7*o(b). Let u be y(20). Calculate the highest common divisor of u and 18.
18
Let l(d) = 728*d - 673. Let f be l(2). Calculate the highest common divisor of 145 and f.
29
Let h(y) = 3*y**3 + 2*y**2 + 2*y + 2. Suppose j + j = -4*f + 100, 4*j - 214 = -f. Let l = 58 - j. Let t be h(l). What is the greatest common factor of t and 26?
26
Suppose 0 = -3*w - 5*p + 775, 3*w - 682 = p + 171. Suppose -14 + 44 = v. What is the highest common divisor of v and w?
10
Let k be (-1136)/(-9) - (-2 - 120/(-54)). Suppose -8*y = -14*y + k. Calculate the highest common factor of y and 12.
3
Let p = 86 + -87. Let l be ((-3)/2)/(p/14). Suppose -21*f + 14*f = -l. What is the highest common divisor of 24 and f?
3
Let w = -162 - -162. Suppose d = -w*d - i + 14, -i = -4*d + 61. Let g(h) = -45*h. Let m be g(-1). What is the greatest common factor of m and d?
15
Let f = 18 - 2. Suppose -20 = -5*o - 4*s, 3*s = 3*o + 7 - 46. Suppose -2*w + 5*n = 7*n - o, n = 4*w - 36. Calculate the greatest common factor of w and f.
8
Let n(a) = 12*a**2 + 429*a - 2139. Let s be n(5). Calculate the highest common divisor of s and 68.
34
Let d be (-62)/93 - 39876/(-36). Calculate the greatest common factor of d and 4305.
123
Let f be -1 + ((-2)/(-6))/(8/72). Suppose -4*t + 148 = f*b, 5*t - b + 10 - 202 = 0. What is the greatest common divisor of 209 and t?
19
Suppose 5*h - 3321 = -1389*n + 1385*n, -4*n + 3271 = -5*h. What is the greatest common factor of n and 32?
8
Suppose -3*w - 74 = -5*w. Let m(f) = -7*f**3 + 14*f**2 + f - 16. Let d be m(-3). What is the greatest common factor of d and w?
37
Suppose 7*y - 5482 - 118 = 0. Let w = y + -788. Calculate the highest common divisor of 78 and w.
6
Let h be 2 + (2/(-3) - (-18)/27). Let l be ((-12)/(-20))/(h/75)*10. Let f be 24/(-5)*l/(-30). What is the greatest common factor of f and 90?
18
Suppose -m + 183 = -2*g + 46, -2*m = 3*g - 302. Calculate the highest common divisor of 10 and m.
5
Let n = 46 + -24. Suppose -n*r + 12 = -23*r. Let c be ((-4 - -8) + r)*-9. Calculate the greatest common divisor of c and 18.
18
Let a(k) = 1191*k**3 - 2*k**2 + 2*k. Let v be a(1). Suppose -2*p = -5*y - 1173, 6*p - y = 8*p - v. Calculate the greatest common factor of p and 54.
54
Let y(l) = 9*l**2 + 146*l + 10. Let f be y(6). Calculate the highest common factor of 180 and f.
10
Let w = 9006 + -8242. What is the highest common divisor of w and 28?
4
Suppose -46*u - 36285 + 43984 = -56425. What is the highest common divisor of u and 2378?
82
Suppose -2*a - 5*k = -658 - 143, -2*a = -5*k - 751. Let d = 390 - a. Let v = -6 - -8. What is the greatest common factor of d and v?
2
Let i = 3268 + -372. Calculate the greatest common divisor of 48 and i.
16
Suppose -2*m - 39 + 13 = 0. Let p be (m/2)/(1/4). Let g = 47 + p. Calculate the greatest common divisor of 105 and g.
21
Let y = -57 - -50. Let v be (12/(-15))/(y/(105/(-6))). Let x be -2 + (32 - (v + 0)). Calculate the greatest common divisor of 48 and x.
16
Suppose 5*w - a - 4*a - 195 = 0, 3*w = -a + 109. Let t be w/(-4) - 6/8. Let d be t*(1 + (-5)/2). Calculate the greatest common divisor of 10 and d.
5
Suppose 3*n = 12, 0 = -124*w + 127*w - 2*n - 14068. What is the highest common factor of 136 and w?
68
Let t = -27019 + 38731. Calculate the greatest common factor of t and 384.
192
Suppose -5*k + 3583 = -4347. Let f = 2232 - k. What is the highest common factor of 17 and f?
17
Let x(b) = 2*b**3 - 17*b**2 + 13*b - 70. Let l be x(9). Calculate the highest common factor of 128 and l.
128
Suppose 2*g + 266 = 3*p, -10*p + 8*p + 180 = -4*g. Calculate the highest common factor of p and 495.
11
Let j(x) = 9*x**2 - 4*x - 3. Let l(h) = h**2 + 2*h - 5. Let b be l(-4). Let s be j(b). What is the greatest common divisor of 30 and s?
6
Let h = -5724 + 9013. Calculate the highest common divisor of h and 286.
143
Let r be (-11493)/(-24) - 3/(-24). Let s = r + -317. What is the greatest common divisor of s and 18?
18
Suppose -536*k + 537*k - 5*b - 2593 = 0, 4*k - 4*b = 10420. What is the greatest common factor of 16 and k?
16
Suppose -252*d + 402 = 3*y - 250*d, 2*y = -d + 267. Calculate the greatest common factor of 324 and y.
12
Let v = -310 + 570. Suppose -56 = -k + 4*g, 0 = -0*k - 2*k + 5*g + 100. What is the greatest common divisor of k and v?
20
Let b(p) = 3*p**3 - p**2 + 4*p. Let h be (6*1/(-4))/((-3)/6). Let w be b(h). Suppose 5*c - 383 = -103. Calculate the highest common factor of c and w.
28
Let h(a) = -9*a - 94. Let r be h(-10). Suppose -24 = -5*m - 149. Let s = r - m. What is the highest common factor of 3 and s?
3
Let q(c) = 9*c**3 - 3*c**2 + 2*c + 1. Let d be q(2). Suppose 3*f + 60 = 15*f. What is the highest common factor of d and f?
5
Let b = 16617 - 1157. What is the highest common divisor of 20 and b?
20
Let x(y) be the first derivative of -y**2/2 - 18*y + 6. Let m be x(-17). Let p be m/4 + (-130)/(-8). What is the highest common divisor of p and 48?
16
Let a = -9848 - -10065. What is the highest common divisor of 1333 and a?
31
Suppose -582*j + 78*j + 110376 = 0. Let r(b) = 60*b + 5. Let t be r(6). Calculate the highest common divisor of j and t.
73
Let g = 898 + -879. Let r(x) = -x**2 - 7*x + 7. Let a(o) = o + 1. Let d(q) = 4*a(q) + r(q). Let n be d(-5). Calculate the greatest common divisor of n and g.
1
Let d be 7*((-99)/7 + 9 + -12). Let h be (-72)/d*110/6. Let x(l) = -10*l + 5. Let z be x(-5). Calculate the highest common divisor of z and h.
11
Let i = -3 - -5. Suppose 0 = 5*r - p - 545, 4*r - p = i*p + 447. Let o = -18413 - -18425. Calculate the highest common divisor of o and r.
12
Suppose -4*p - 38 = v, -2*v - p - 64 = 5. Let o be (-1)/3 - 1246/(-21). Let x = o + v. Calculate the highest common divisor of x and 125.
25
Suppose -2*c - x + 351 = 0, 4*x - 39 = -3. Let j be (-3)/4*(-23 - 1). What is the greatest common factor of j and c?
9
Let n(r) = -r**3 - 8*r**2 - 11*r + 16. Let x be n(-6). Suppose -1810 - 1970 = -x*q. Calculate the highest common divisor of q and 108.
54
Let b(a) = 5*a**3 + 7*a**2 - 160*a - 17. Let g be b(16). What is the greatest common divisor of g and 195?
195
Suppose -6 = -3*c, 8*c - 158 = -5*v + 4*c. Let m = v - -35. Let d be (-4)/(6/3)*-13. Calculate the greatest common divisor of m and d.
13
Let g = 209 + -17. Suppose -13*u + 2334 = 2022. Calculate the highest common factor of u and g.
24
Let l be -5178 - (7/((-28)/(-20)) + -3). Let n be ((-6)/(-4))/((-42)/l). What is the highest common factor of 74 and n?
37
Let p(w) = -18*w + 156. Let r be p(6). Let q be 4/6 + (-365)/(-15). Let d = -19 + q. Calculate the greatest common divisor of r and d.
6
Let b(h) = h**2 - 72*h + 1176. Let o be b(51). Let p(d) = 11*d - 14. Let a be p(7). Calculate the greatest common factor of o and a.
21
Let j be ((-80)/6)/((-10)/30). Let a = 88 - j. Suppose 4*p - 7 = -2*i + 7, 0 = -2*p - 5*i - 13. Calculate the greatest common divisor of p and a.
6
Let a(j) = -2*j**2 + 13*j + 139. Let r be a(12). Let k = 127 + 160. What is the greatest common divisor of k and r?
7
Let p(s) = s**3 + 9*s**2 + 54*s + 221. Let b be p(-6). Calculate the greatest common divisor of b and 127.
1
Suppose -5*u - 9*o + 5*o = -490, 4*u = -3*o + 393. Let w be ((-2)/4)/((-3)/102). What is the highest common divisor of w and u?
17
Let m(f) = f**3 + 12*f**2 - 15*f - 19. Let k be m(-13). Let n = k + -7. Suppose -j - 2*j + 12 = n. Calculate the greatest common factor of j and 68.
4
Let t = -5642 + 10600. Calculate the greatest common divisor of t and 222.
74
Suppose 5*h = -0*h. Let y = -1042 + 1104. Suppose h*o = 2*r - 2*o - 34, -2*o = 4*r - y. Calculate the greates